 prime factors of i.
7
Let p(s) = 1 + 11*s - 6 - 10*s. Let o be p(5). Suppose 2*u - 2 - 24 = o. What are the prime factors of u?
13
Let w(z) = 8*z**2 - 6*z - 6. List the prime factors of w(-4).
2, 73
Let o(q) = q**2 + 7*q + 12. What are the prime factors of o(-16)?
2, 3, 13
Suppose 4*m + 3*f + 7 = 0, 3*m - 31 = 4*f + f. Let x(q) = -2*q**3 + 3 + 4*q - m*q**2 + q**3 - 2*q**2. What are the prime factors of x(-5)?
2
Let a(b) = b - 8. Let v be a(5). Let u(d) = -3*d + 3. List the prime factors of u(v).
2, 3
Let r(t) = 3*t**3 - 25*t**2 - 13. Let s(a) = -a**3 + 8*a**2 + 4. Let p(c) = 2*r(c) + 7*s(c). List the prime factors of p(6).
2
Suppose 1 = m - 1. Suppose -5*q = -m*q - 54. What are the prime factors of q?
2, 3
Let u(o) = -4*o**2 + o. Let d be u(2). Let b be -1 + (-3 - -1) - 4. Let m = b - d. What are the prime factors of m?
7
Suppose p + 3*g - 12 = 0, -3*g = 4*p - 7*g + 16. Suppose 0 = -2*d - 6, j = -4*d - p*d. List the prime factors of j.
2, 3
Let i be (-2)/((-4)/328*1). Suppose -5*j - 29 = -i. What are the prime factors of j?
3
Let o(u) = -2*u + u + 8 + 0. List the prime factors of o(0).
2
Suppose -2*x - 78 = -3*s - s, -5*s + 4*x + 105 = 0. List the prime factors of 6/(-2) + s - 1.
13
Suppose -u = 3*a - 34, -3*a + u = a - 43. Let b = a - -5. What are the prime factors of b?
2
Let t be (-1)/((-9)/(-6))*-3. Suppose 5 = 5*j, 0*b + 3*b - t*j - 58 = 0. List the prime factors of b.
2, 5
Let s = 32 - -4. Let g = s + -13. What are the prime factors of g?
23
Suppose -g + 5 = -0. Suppose -5*r = 0, -2*j + 0*r - g*r = 14. Let k = j - -9. List the prime factors of k.
2
Let m(n) = -5*n**3 - 9*n**2 + 9*n + 11. Let g(s) = -14*s**3 - 26*s**2 + 26*s + 32. Let h(x) = 4*g(x) - 11*m(x). What are the prime factors of h(-6)?
13
Let z = 80 + -20. List the prime factors of z.
2, 3, 5
Let j = -10 + 15. Let l = 6 - j. What are the prime factors of 1 + 6 + (3 - l)?
3
Let k(z) = -z + 4. Let m be k(13). Let d(n) be the first derivative of -n**3/3 - 9*n**2/2 + 2*n - 1. List the prime factors of d(m).
2
Suppose 3*v + 5*w = -1, -v + 2*v = 2*w + 7. Suppose 0 = 2*j - 3*u + 3, -5*j + v*u - 3 = -9. List the prime factors of j.
3
Let a(v) = v**2 - 14*v - 4. Let z be a(10). Let i = 67 + z. List the prime factors of i.
23
Suppose -4*a = -a + 42. List the prime factors of (24/a)/(3/(-21)).
2, 3
Let c(k) = 4*k + 2. Let g be c(2). Let m(j) = j + 3. Let w be m(-5). List the prime factors of ((-4)/g)/(w/60).
2, 3
What are the prime factors of (5577/78)/((-2*1)/(-8))?
2, 11, 13
Suppose w = -w. Suppose -2*v + 11 + 13 = w. List the prime factors of v.
2, 3
Let f(s) = -s**2 - 6*s - 3. Let w be f(-4). Suppose 0 = 4*r + j - 2*j - 23, -w*r = j - 22. What are the prime factors of r?
5
Suppose 5 = v - a, 5*a + 18 = 3. What are the prime factors of 1/(v - 75/39)?
13
Let z = 4 - -3. Let y = 0 + z. What are the prime factors of y?
7
Let z = 4 - 1. Suppose 4*p + r = z, -1 = 2*r - r. Let g = p + 2. What are the prime factors of g?
3
Suppose 5*r - 16 = r. Suppose -140 = -r*y - y. What are the prime factors of y?
2, 7
Let a(t) = -t**3 + 10*t**2 - 9*t + 9. What are the prime factors of a(6)?
3, 11
Let q = -17 + 49. What are the prime factors of q?
2
Let z(i) = -i**3 + 7*i**2 - 4*i. Let k be z(5). List the prime factors of -1*k*(-1)/1.
2, 3, 5
What are the prime factors of (805/20)/((-2)/(-16))?
2, 7, 23
Suppose 22 = 5*t - 58. Let p = -2 + t. What are the prime factors of p?
2, 7
Let f(q) be the third derivative of q**6/120 - q**5/12 - q**4/6 + 7*q**3/6 - 4*q**2. What are the prime factors of f(6)?
19
Suppose 2*z = -9 + 53. Suppose 3*l = k - 76, -k - k + 150 = -5*l. Suppose -k = -3*w - z. List the prime factors of w.
2
Let y(w) = -w**3 - 9*w**2 - 9*w - 20. What are the prime factors of y(-10)?
2, 5, 17
Let t(p) = -p**3 - 2*p**2 - 5*p + 2. Let n be t(-5). Suppose 0 = -5*g + 20, h + n = 6*h + 3*g. What are the prime factors of h?
2, 3
Suppose 0 = 4*j - 3*y - 0*y - 135, -5*y - 145 = -4*j. List the prime factors of 1 + 2*j/3.
3, 7
Let v(u) = 2*u - 4 + 5*u - 5*u. Suppose 4*y - a - 8 = 0, -2*y = 3*y - 3*a - 3. List the prime factors of v(y).
2
Let d(n) = n**2 - 10*n + 4. Let t be 12 + 0 - (3 - 0). Let r be d(t). What are the prime factors of ((-38)/(-6))/(r/(-15))?
19
Suppose z - 136 = -3*z. What are the prime factors of z?
2, 17
What are the prime factors of (-216)/(-28) + 4/14?
2
Let w = -11 - -15. Suppose -5*l - 27 = -3*n + 8, -n - w*l = 11. What are the prime factors of n?
5
Let v(s) = -13*s - 2. Let g(y) = 38*y + 5. Let r(l) = 3*g(l) + 8*v(l). Suppose -2*q + 3 = q. List the prime factors of r(q).
3
Let u(o) = -o**2 + 30. What are the prime factors of u(0)?
2, 3, 5
Let p = -1 - -4. Suppose -28 = -o - 2*v, 4*o = -o + p*v + 75. List the prime factors of o.
2, 3
Suppose -86 - 669 = -5*d. List the prime factors of d.
151
Suppose -u - f = 0, 5*f = -u + 4*u - 16. Suppose u*a = -0*a + 64. Suppose -2*x = -6*x + a. List the prime factors of x.
2
Suppose -5*j + a + 1 = -4*j, j = 2*a + 2. Suppose -w + 5*w - 16 = j. Suppose -4 = -2*c - 2*c, w*x - c - 55 = 0. What are the prime factors of x?
2, 7
Let b = -169 - -410. What are the prime factors of b?
241
List the prime factors of (0 + -381)*16/(-48).
127
Let o = 225 + -30. What are the prime factors of o?
3, 5, 13
Let g(f) = -f**3 - f**2 + 2*f - 4. Let d be g(-3). Suppose -2*a - 2*a = -d. What are the prime factors of a?
2
Suppose 3*x + 2*x = -20. Let p be (60/(-5))/(6/4). What are the prime factors of (14/x)/(4/p)?
7
Let n be (4/(-6))/(1/30). Let f(i) = 3*i + 14. Let c be f(6). Let u = n + c. List the prime factors of u.
2, 3
Let q = -3 + 12. Suppose 0 = -2*t - t - q. List the prime factors of (-60)/(-8) - t/2.
3
Let q(p) = -3*p - 3. Let i be q(6). Let f(v) = 9*v - 3. Let b be f(-3). Let y = i - b. What are the prime factors of y?
3
List the prime factors of 1*-23*105/(-21).
5, 23
Suppose -5*l + 5 = -10. Let h be 88/14 + 8/(-28). List the prime factors of 22/h*9/l.
11
Suppose 14 + 19 = 3*q. Suppose 2*f = q + 15. List the prime factors of f.
13
Let k(o) = -o**2 + 1 + o**3 + 5*o + 9*o**2 - 5. What are the prime factors of k(-7)?
2, 5
List the prime factors of 3 + (-4)/7 + 3396/14.
5, 7
Suppose 27 = -3*x - 6. Let n(d) = d**3 + 11*d**2 + 16. What are the prime factors of n(x)?
2
Let b(k) = 23*k**2 + 5*k - 2. List the prime factors of b(2).
2, 5
Let x(y) = -y**3 + y**2 - y. Let g be x(0). Suppose g = -0*m + 4*m - 112. List the prime factors of m.
2, 7
Let h(n) = n**3 + 6*n**2 + 4*n + 3. Let a be h(-5). List the prime factors of -3*(a/(-3) - 1).
11
Suppose 12 + 8 = 5*j. Suppose -7*w + 2*w - 3*v = -23, 0 = -j*w + 5*v + 11. Let p = -2 + w. What are the prime factors of p?
2
Let q(x) = -8*x - 10. What are the prime factors of q(-10)?
2, 5, 7
Suppose -j + a - 12 = -55, j - 4*a - 40 = 0. What are the prime factors of j?
2, 11
Suppose r - 6*r + 4*h + 58 = 0, 14 = r - 2*h. Let b = -5 + r. List the prime factors of b.
5
Let q(v) = -v**3 + 5*v**2 - v + 7. Suppose 16 = 3*b - 2*w + 3*w, 4*b + w = 21. Let g be q(b). Suppose -g + 11 = 3*y. What are the prime factors of y?
3
What are the prime factors of -4 + 1/((-3)/(-387))?
5
Let a be 1 + -109 - (-3 - -2). Let d = -41 + a. What are the prime factors of d/(-18) - 4/18?
2
Suppose 6 + 2 = -2*u. List the prime factors of (-28)/(-6)*(-12)/u.
2, 7
Suppose 3*i + 6 = -3*j, -4*i = 3*j + 3 + 9. List the prime factors of (36/3)/(i/(-4)).
2
Let c be 1/(-2)*(-16)/2. Suppose -m + 2*u = -3*u + 22, -c*m = 4*u - 32. Suppose 0 = -m*r + 9 + 15. List the prime factors of r.
2
Let s = -122 - -338. List the prime factors of s.
2, 3
Suppose -5*u - 3*k + 40 = 10, 0 = -5*k. List the prime factors of (-6)/6*(0 - u).
2, 3
Let g be 12*(-1 - (-8)/6). Let s be 51/7 - g/14. Let w(n) = n**2 - 6*n + 1. List the prime factors of w(s).
2
Suppose 2 = 3*t - 2*c, -3*t + c = -8*t - 1. Suppose 3*j - j + 32 = t. Let k = j - -27. List the prime factors of k.
11
Suppose 4 = 4*r, -2*v + 0*r + 568 = 4*r. What are the prime factors of v?
2, 3, 47
Let z = 78 - 53. What are the prime factors of z?
5
Let f(a) = -2*a**2 + a. Let l be f(3). Let r = -9 - l. List the prime factors of r.
2, 3
Let z be (-5)/((-15)/9) + 2. Suppose j = -4, f = -j + 3 - z. What are the prime factors of f?
2
Suppose 2*w - 5*r - 1 = -0*r, -5*w + 2*r + 34 = 0. Let n(p) = 4*p + 1. Let z be n(1). Suppose z*q - 5